7*i = 2*i + 10. Suppose c = -5*r + 8 + 2. Let f = 10 - r. What are the prime factors of f?
2
Suppose 3*v + 20 = 6*v + 4*n, -5*v - 3*n + 26 = 0. Let d = v - -5. What are the prime factors of d?
3
Let t(k) = 2*k**2 - 2*k + 2. Suppose 4*n = 1 + 23. Suppose -n = -5*m + 2*m. What are the prime factors of t(m)?
2, 3
Let v = 6 + -5. Let u(f) = 4*f - 2*f - f + 16 + v. List the prime factors of u(-8).
3
Suppose 6*u - 40 = 4*u. Suppose -4*b = 3*k - u, 0*k + 44 = 4*b - 3*k. What are the prime factors of b?
2
List the prime factors of 337/5 - (-6)/10.
2, 17
Suppose 9*l - 4*l = -2*k + 69, -l + 84 = 3*k. What are the prime factors of k?
3
Suppose -178 = -7*v + 340. What are the prime factors of v?
2, 37
Let c be 2*-3 + (2 - -1). Let o = 0 + c. List the prime factors of 6 - (1 - (-1 - o)).
7
What are the prime factors of ((-3 - -4)*19)/1?
19
Let o be (-2 - 21/(-6))*6. Let h be ((-3)/o)/((-2)/102). Suppose -k - y + h = 2, k - 2*y = 0. What are the prime factors of k?
2, 5
Let t = -72 + 103. List the prime factors of t.
31
Let b(v) = 9*v**2 + v. Let q be b(3). Let g be q/(-10) + (-10)/(-25). Let f = -6 - g. What are the prime factors of f?
2
Let j = 9 - 6. Suppose -c - 88 = -5*k, 3*k + 0*k - 60 = -j*c. What are the prime factors of k?
2, 3
Suppose -6*f + 4*f = 0. Suppose f = 4*p + 8 + 36. Let m = p - -15. List the prime factors of m.
2
Suppose -4*z + 0*z = -92. What are the prime factors of z?
23
Let o(z) be the first derivative of 9*z**4 + z - 4. What are the prime factors of o(1)?
37
Let c(n) = -31*n + 6. Let r(d) = -10*d + 2. Let z(b) = 2*c(b) - 7*r(b). Let q be z(2). Let t = 24 - q. What are the prime factors of t?
2, 5
Let p = 2 - 1. Suppose k - p = -2. Let z = 5 - k. List the prime factors of z.
2, 3
Let c = 10 + -8. What are the prime factors of c?
2
Let w = 62 - 44. Let u = 13 + w. List the prime factors of u.
31
Suppose -3*v - 4*n + 383 = -108, 0 = -2*n - 2. What are the prime factors of v?
3, 5, 11
Let i = -29 - -3. Let c = -11 - i. What are the prime factors of c/4*(-7 + 11)?
3, 5
Let n = 11 - 3. Suppose -n*w = -5*w - 15. Let m = 10 - w. List the prime factors of m.
5
Let f be (-1)/2 - 40/16 - -7. Suppose 5*g = 8 - 3, -5*q + 2*g + 23 = 0. Suppose 3*a + q = 4*v, v = -f*a - 3*v + 40. List the prime factors of a.
5
Suppose 3*r + 3*o = 18, r - 4*o - 30 = -r. Let g be 33/r*1*18. Suppose 1 = h - 4*k - 2, g = 4*h + 2*k. List the prime factors of h.
3, 5
Let c = 70 + -29. Let j = 57 - c. List the prime factors of j.
2
Suppose 4*f + 5*g - 3 = 5, 3*f - 3*g = 6. Suppose f*s = -0*s + 28. Suppose -3*l - s = -5*l. List the prime factors of l.
7
Let v(h) = 28*h**2 - h - 2. What are the prime factors of v(-1)?
3
Let z be (-3)/12 + 93/4. Suppose 5*t + g + z = 3*g, 0 = -3*t - 4*g - 19. Let q = 0 - t. What are the prime factors of q?
5
List the prime factors of ((-3)/6)/((-2)/100).
5
Suppose 4*s - v = -21, 0 = s + 2*v - 2 - 4. Let u = s + 6. Suppose u = -2*m + 6. List the prime factors of m.
2
Let z = 4 + -4. Suppose -4*u - 25 + 85 = z. What are the prime factors of u?
3, 5
Suppose -1 = 5*t - 6. List the prime factors of (t - 2)*-1*5.
5
Let o = -226 + 329. What are the prime factors of o?
103
Suppose -o - 218 - 151 = -5*l, -3*l + 223 = -o. List the prime factors of l.
73
Let r(z) = -z**3 - 8*z**2 - z + 10. What are the prime factors of r(-8)?
2, 3
Suppose 2*x + 4*f - 62 = 0, 71 + 45 = 4*x + 4*f. Suppose -13 = -4*l + x. List the prime factors of l.
2, 5
Let b(u) = -u**2 + u. Let c be b(1). Suppose c = 2*g - 33 + 1. List the prime factors of g.
2
Let u(f) = -f + 10. Let n = 8 + -8. List the prime factors of u(n).
2, 5
Let s be -5 + 3/3 - -47. Suppose 2*i - 3*t + 34 - 118 = 0, i = t + s. List the prime factors of i.
3, 5
Let f be (-4)/5*(-110)/4. Let w = 46 - f. List the prime factors of w.
2, 3
Suppose -442 - 338 = -4*a + j, 0 = 2*a - j - 392. List the prime factors of a.
2, 97
Let h = -27 - -47. List the prime factors of h.
2, 5
Suppose -2*q + 44 = -0*q. List the prime factors of q.
2, 11
Suppose -4*j = -4*q - 8, -3*j + 2*q + 7 = -0. Suppose -j*o + 5*o - 19 = -3*d, -11 = -d + 4*o. List the prime factors of d.
7
Let f(w) = 6*w. Let v(h) = h**2 + 1. Let r(c) = f(c) - v(c). List the prime factors of r(5).
2
Let k(d) = -d**2 - d + 31. Let o be k(0). Suppose -4*x + 97 + o = 0. Suppose -2*v - 3*n + 13 = -3, 4*v + 4*n = x. What are the prime factors of v?
2
Let n = 21 + -57. Let u be ((-8)/6)/(6/27). What are the prime factors of (-20)/u*n/(-15)?
2
Suppose 5*k - 3*k = -2. Let o be 2 - k - (1 + -1). Suppose o*h = -4*a + 30, 3*a + a - h = 38. List the prime factors of a.
3
Let n(m) = 8*m + 10. What are the prime factors of n(15)?
2, 5, 13
What are the prime factors of (2 - 26/10) + 2032/20?
101
Let a(i) = i**2 + 5*i + 6. List the prime factors of a(-8).
2, 3, 5
Let t be (-1)/3*12/(-1). Let x be 30/(-8) - (-2)/(-8). List the prime factors of 2/t + (-30)/x.
2
Let g(a) = -a**3 + 9*a**2 + 12*a - 16. Let u be g(10). Let k be 2/(0 + 4/6). Suppose k*p - 4*y = 39, 5*p - 65 = u*y - 0*y. What are the prime factors of p?
13
Suppose -2*t = 3*t - 110. Suppose 4*w - t = -2*j, -5*j + 2*w - 21 + 112 = 0. What are the prime factors of j?
17
Let v be ((-144)/(-10))/(1/10). Suppose -4*r + v - 49 = 5*w, 4*w = 12. What are the prime factors of (30/(-5))/((-6)/r)?
2, 5
Let a(f) = f**3 - 2*f**2 + 3. List the prime factors of a(4).
5, 7
Suppose -2*b + 153 = 3*b + w, 0 = -2*b - 4*w + 54. List the prime factors of b.
31
Suppose 2 - 14 = -2*n. Suppose t = -1 + n. List the prime factors of (t - -5)/(1 + 0).
2, 5
Suppose 6 + 2 = 4*l. Suppose 18 - l = -4*o. Let j = o + 18. What are the prime factors of j?
2, 7
Let f be -31 - (1 - -4 - 2). Let h = f - -6. What are the prime factors of (-344)/h + (-4)/14?
2, 3
Let b = -1 + 5. List the prime factors of (-4)/(b/(-11)) + -1.
2, 5
Let t = 25 + -10. Let f(c) = 2*c - 24. Let n be f(11). Let b = n + t. List the prime factors of b.
13
List the prime factors of 3 - 0 - -1*35.
2, 19
Suppose w - 3*w = -2*z - 12, -2*z = -4*w + 30. Suppose -p + 28 = w. List the prime factors of p.
19
What are the prime factors of (64/20)/4*10?
2
Let b = -9 - -80. List the prime factors of b.
71
Let q(k) = k**2 + 2*k + 4. Let b be q(-6). Suppose 7*z - b = 6*z. List the prime factors of z.
2, 7
Let w(p) = 3*p**2 - p. Suppose -2*v + 38 = 14. Let b be (-16)/v - (-1)/3. List the prime factors of w(b).
2
Let j(y) = y**2 + y + 2. Let m = -3 + 3. Suppose m = -c + 1, -z = c + 2*c. List the prime factors of j(z).
2
Suppose -2*w + 14 = 4*f, 3*f - 6*w = -3*w + 15. Suppose o - 21 = f. Suppose 7 = -b + o. List the prime factors of b.
2, 3
Let m(k) = k**2 - 4*k - 5 + k**2 + 1. List the prime factors of m(5).
2, 13
Suppose -2 - 115 = -3*z. List the prime factors of z.
3, 13
Suppose 132 = 2*q + 16. List the prime factors of q.
2, 29
Let j(s) = 18*s + 35. List the prime factors of j(7).
7, 23
Suppose 0 = 3*f - 6*f + 6. List the prime factors of 46 - 0*(f - 3).
2, 23
Let d = 37 - 56. Let h(o) = o - 12. Let l be h(0). Let b = l - d. What are the prime factors of b?
7
Let t = -35 - -75. Let u = t - 1. What are the prime factors of u?
3, 13
Let s(b) = -2*b**2 + 19*b + 12. What are the prime factors of s(9)?
3, 7
Let x(w) = -2*w - 9. Let i be x(-6). Suppose -i*g + 100 = -20. Suppose 2*k - 7*k = -g. List the prime factors of k.
2
Let p be (-1)/1 - 204/(-6). Let d(c) = -5*c - 1. Let k be d(-1). Suppose k*z - 35 = -3*y, 3*y + z = -2*z + p. List the prime factors of y.
3
Let f = 171 - -13. What are the prime factors of f?
2, 23
Suppose 3*w - 21 = 33. Suppose 16*l - w*l = -90. List the prime factors of l.
3, 5
Let p = 5 - 8. Let k = p + 4. What are the prime factors of 1/1 + k - -1?
3
Suppose -s = -5*j + 80, 5*s + 50 + 14 = 4*j. What are the prime factors of j?
2
Suppose 5 = 4*f + 5*n - 38, 0 = f + n - 10. What are the prime factors of f?
7
Let w(h) = -4*h**3 - 2*h - 1. What are the prime factors of w(-2)?
5, 7
Let a(x) = x + 3. Let d be a(-9). Suppose -6*r = 4*v - r - 56, -4*v + r = -32. Let s = v + d. What are the prime factors of s?
3
Let x(p) be the third derivative of p**5/60 - p**3/6 + 2*p**2. What are the prime factors of x(5)?
2, 3
Let q(t) be the third derivative of 17*t**8/6720 - t**5/120 + t**4/12 - 2*t**2. Let u(d) be the second derivative of q(d). What are the prime factors of u(1)?
2
Let f(q) = q*